omposite number?
True
Is 27733 composite?
False
Is 13133 a prime number?
False
Is 280321 composite?
False
Is 4249 prime?
False
Is 35671 a prime number?
True
Is 34093 a prime number?
False
Is 4856903 a prime number?
True
Is 12941 prime?
True
Is 29399 a prime number?
True
Is 10311193 a composite number?
False
Is 9902 composite?
True
Is 329503 prime?
True
Is 2115371 prime?
True
Is 88277 prime?
False
Is 128251 composite?
True
Is 89371 composite?
False
Is 13891 a composite number?
True
Is 409363 composite?
True
Is 507505 a prime number?
False
Is 9389 a prime number?
False
Is 180461 composite?
True
Is 19661 a composite number?
False
Is 104879 a prime number?
True
Is 221614 a prime number?
False
Is 125765 a composite number?
True
Is 19147 a prime number?
False
Is 1559755 prime?
False
Is 16933069 composite?
False
Is 56891 prime?
True
Is 4514069 a composite number?
True
Is 1716677 a composite number?
True
Is 31883 prime?
True
Is 687119 composite?
True
Is 6947 composite?
False
Is 1982111 prime?
True
Is 73493 composite?
True
Is 536399 a prime number?
True
Is 378977 a composite number?
False
Is 3473 a prime number?
False
Is 6537 a composite number?
True
Is 6557 a composite number?
True
Is 1349 prime?
False
Is 1343 a prime number?
False
Is 85691 a prime number?
True
Is 6843 a composite number?
True
Is 28961 a composite number?
False
Is 23369 a prime number?
True
Is 3191 composite?
False
Is 22229 composite?
False
Is 58713 a prime number?
False
Is 135799 a composite number?
False
Is 14903 composite?
True
Is 1316209 a prime number?
True
Is 444065 composite?
True
Is 9007 prime?
True
Is 6599 prime?
True
Is 6997 a composite number?
False
Is 1042469 a composite number?
False
Is 701047 a prime number?
True
Is 835 a composite number?
True
Is 321443 composite?
False
Is 329143 a prime number?
True
Is 171991 a composite number?
True
Is 19841 a prime number?
True
Is 644593 composite?
False
Is 112771 prime?
True
Is 50987 a prime number?
False
Is 66617 composite?
False
Is 43517 a composite number?
False
Is 92657 composite?
False
Is 1673 prime?
False
Is 5969 a composite number?
True
Is 39099 composite?
True
Is 887 a composite number?
False
Is 506663 composite?
False
Is 230363 a composite number?
True
Is 10347 composite?
True
Is 126833 prime?
False
Is 1574 composite?
True
Is 121823 a prime number?
False
Is 1957 prime?
False
Is 4969 a composite number?
False
Is 57899 a prime number?
True
Is 1700243 prime?
False
Is 132589 composite?
False
Is 6613 a prime number?
False
Is 30289 a composite number?
True
Is 20611 composite?
False
Is 109567 composite?
False
Is 708646 prime?
False
Is 2293 composite?
False
Is 9133 prime?
True
Is 24329 a prime number?
True
Is 55477 prime?
False
Is 131038 a composite number?
True
Is 55579 a composite number?
False
Is 29905 a prime number?
False
Is 24305 prime?
False
Is 36173 composite?
True
Is 22891 a prime number?
False
Is 3089449 composite?
True
Is 212165 a prime number?
False
Is 42739 composite?
True
Is 19121 a prime number?
True
Is 6731 a composite number?
True
Is 1327501 a composite number?
True
Is 16057 a prime number?
True
Is 169817 a prime number?
True
Is 81637 composite?
False
Is 500755 prime?
False
Is 13073 composite?
True
Is 511649 a prime number?
False
Is 3316033 composite?
True
Is 14813 composite?
False
Is 1403627 prime?
True
Is 9901 prime?
True
Is 30403 composite?
False
Is 7655 a prime number?
False
Is 12451 a composite number?
False
Is 1349161 composite?
True
Is 8539 composite?
False
Is 66849 composite?
True
Is 2213735 composite?
True
Is 37589 prime?
True
Is 2819 a composite number?
False
Is 6537 a prime number?
False
Is 1055 composite?
True
Is 3217 a prime number?
True
Is 6619 a composite number?
False
Is 316423 composite?
False
Is 371 a prime number?
False
Is 1421551 a prime number?
False
Is 185429 a composite number?
False
Is 9643 a composite number?
False
Is 6599 a prime number?
True
Is 11027 a prime number?
True
Is 14923 a composite number?
False
Is 3763 prime?
False
Is 361402 a prime number?
False
Is 31957 a composite number?
False
Is 268057 a prime number?
False
Is 59723 prime?
True
Is 999227 composite?
True
Is 2333 a composite number?
False
Is 463949 composite?
False
Is 168326 a composite number?
True
Is 10577119 a composite number?
True
Is 6341 prime?
False
Is 13811 a composite number?
True
Is 9007 a prime number?
True
Is 481 prime?
False
Is 31971 composite?
True
Is 21989 a composite number?
True
Is 7003 a prime number?
False
Is 1379 prime?
False
Is 350093 composite?
False
Is 965357 a composite number?
False
Is 630493 a composite number?
False
Is 28537 a composite number?
False
Is 319 prime?
False
Is 157393 a prime number?
True
Is 3109 a composite number?
False
Is 121747 a prime number?
False
Is 993239 composite?
True
Is 1286 composite?
True
Is 696679 composite?
False
Is 6599 composite?
False
Is 11747 composite?
True
Is 17183 a prime number?
True
Is 1087 prime?
True
Is 1293689 a composite number?
True
Is 11351 a prime number?
True
Is 50035 a prime number?
False
Is 161323 prime?
True
Is 552469 composite?
False
Is 1251527 a composite number?
False
Is 117937 a prime number?
True
Is 1907 a composite number?
False
Is 27847 a prime number?
True
Is 11733 composite?
True
Is 125521 composite?
True
Is 2430487 prime?
True
Is 29371 a prime number?
False
Is 17783 prime?
True
Is 1119907 composite?
False
Is 185149 composite?
False
Is 27179 a composite number?
False
Is 15493 a prime number?
True
Is 7901 a composite number?
False
Is 153151 a composite number?
False
Is 3671 prime?
True
Is 11461 a composite number?
True
Is 205631 a prime number?
False
Is 606374 composite?
True
Is 602137 a prime number?
True
Is 826621 a prime number?
True
Is 56197 a composite number?
False
Is 730607 composite?
True
Is 50845 a prime number?
False
Is 202471 prime?
True
Is 3593 prime?
True
Is 14047453 composite?
True
Is 373781 a composite number?
True
Is 2053 composite?
False
Is 617579 a composite number?
False
Is 76453 composite?
True
Is 1029103 prime?
True
Is 203935 a composite number?
True
Is 70827 a composite number?
True
Is 7604939 prime?
True
Is 125053 composite?
False
Is 38453 composite?
False
Is 313903 composite?
True
Is 132401 composite?
True
Is 238151 composite?
False
Is 90901 a prime number?
True
Is 1085587 a composite number?
False
Is 111247 a prime number?
False
Is 546317 a prime number?
True
Is 2761 composite?
True
Is 22423 prime?
False
Is 81401 a prime number?
True
Is 100066 a composite number?
True
Is 507839 a composite number?
False
Is 660287 composite?
True
Is 183437 a composite number?
False
Is 209 prime?
False
Is 302053 a prime number?
True
Is 46327 composite?
False
Is 160781 prime?
True
Is 573691 a composite number?
False
Is 20789 composite?
False
Is 4327 composite?
False
Is 14581 prime?
False
Is 290897 a prime number?
True
Is 28901 a prime number?
True
Is 13649 prime?
True
Is 14207 a prime number?
True
Is 11819 composite?
True
Is 372261 prime?
False
Is 98086 composite?
True
Is 136387 prime?
False
Is 214139 a prime number?
False
Is 63191 a composite number?
True
Is 7939 composite?
True
Is 415469 a prime number?
True
Is 118127 a prime number?
True
Is 89035 a prime number?
False
Is 32293 composite?
True
Is 33923 prime?
True
Is 54869 a composite number?
False
Is 1781 prime?
False
Is 634479 composite?
True
Is 769903 composite?
False
Is 163477 a composite number?
False
Is 2974 composite?
True
Is 553471 a composite number?
False
Is 57571 prime?
True
Is 2053 a prime number?
True
Is 46481 composite?
True
Is 36591 a prime number?
False
Is 17558 composite?
True
Is 484829 a composite number?
False
Is 18053 prime?
False
Is 35417 prime?
False
Is 3203 composite?
False
Is 3037 composite?
False
Is 302065 prime?
False
Is 22693 a prime number?
False
Is 16271 a prime number?
False
Is 757 prime?
True
Is 817669 prime?
True
Is 11819 a prime number?
False
Is 97771 composite?
False
Is 77899 a prime number?
True
Is 7393 a composite number?
False
Is 165193 composite?
True
Is 10431709 composite?
False
Is 3959 prime?
False
Is 295321 a composite number?
True
Is 6131 prime?
True
Is 12605 prime?
False
Is 640807 composite?
True
Is 1455409 composite?
False
Is 84497 prime?
False
Is 49717 a composite number?
True
Is 19486 a composite number?
True
Is 36589 composite?
True
Is